 + -1133?
101442
In base 2, what is -1 - -10000110001110111100?
10000110001110111011
In base 15, what is 19 + d90?
da9
In base 5, what is 2 - 14214303?
-14214301
In base 5, what is 4421044 + -10?
4421034
In base 4, what is 3232133 + -11?
3232122
In base 10, what is 2 - 197411?
-197409
In base 8, what is 147703 - -22?
147725
In base 10, what is -90464 + 1?
-90463
In base 14, what is -29 + 3d3?
3a8
In base 15, what is -3663 - -11?
-3652
In base 10, what is -10332 + -55?
-10387
In base 11, what is 5 - 31337?
-31332
In base 4, what is -312113 - 12?
-312131
In base 14, what is -8 - c257?
-c261
In base 15, what is 2dc6a - 5?
2dc65
In base 16, what is 8 + -6352?
-634a
In base 2, what is 101011000101010010000 - 1?
101011000101010001111
In base 15, what is 159 - 19?
140
In base 14, what is 390 + 14?
3a4
In base 15, what is -139 + 38?
-101
In base 16, what is -141 - 14?
-155
In base 8, what is 4 - -551773?
551777
In base 15, what is -17e - -1?
-17d
In base 2, what is -111 + 100100101111?
100100101000
In base 10, what is -4 + 833104?
833100
In base 12, what is -13 + 44a42?
44a2b
In base 12, what is -221 + 44?
-199
In base 5, what is 133141121 - -2?
133141123
In base 16, what is -1148 - 120?
-1268
In base 14, what is 96b + 12dc?
1c69
In base 5, what is 2 - 141410?
-141403
In base 12, what is -5 + -26780?
-26785
In base 4, what is -12200213 + 2?
-12200211
In base 14, what is 144836 - 0?
144836
In base 7, what is -136 + -24266?
-24435
In base 11, what is -310 + 29?
-292
In base 14, what is 1bd + 83?
262
In base 5, what is -4244 - 221303?
-231102
In base 5, what is 11 + -11140441?
-11140430
In base 13, what is 2244 - 43?
2201
In base 5, what is 13 + 231333?
231401
In base 15, what is -41 - 19d?
-1de
In base 7, what is -225 - -1163?
635
In base 8, what is -53002 - -4?
-52776
In base 16, what is -5 + 209da?
209d5
In base 4, what is 30211 + -100112?
-3301
In base 2, what is -101 + 10101010010100101101?
10101010010100101000
In base 7, what is -2552 - -305?
-2244
In base 16, what is -27051 - -2?
-2704f
In base 2, what is 1011 + 100111100010010011?
100111100010011110
In base 5, what is -1023 + -111110?
-112133
In base 12, what is 30 - 13887?
-13857
In base 5, what is -4023310 - 0?
-4023310
In base 9, what is -300 - 115?
-415
In base 11, what is 3a15 + 5?
3a1a
In base 2, what is 100 + 100001010101110?
100001010110010
In base 8, what is 73150 + -4?
73144
In base 9, what is 3 - 234883?
-234880
In base 16, what is 13 + -10667?
-10654
In base 7, what is -110 + -162111?
-162221
In base 3, what is -1020112021 + 11?
-1020112010
In base 5, what is 3223402 + 4?
3223411
In base 16, what is a97 - 1d1?
8c6
In base 7, what is -450423 + 2?
-450421
In base 8, what is -57051 + 14?
-57035
In base 5, what is 0 + 314034002?
314034002
In base 8, what is -451023 - -3?
-451020
In base 8, what is -106351 - 6?
-106357
In base 4, what is 31 + 10223101?
10223132
In base 12, what is 4 + -2b814?
-2b810
In base 3, what is 1000120200101 - -12?
1000120200120
In base 3, what is 11 + -11200111022?
-11200111011
In base 9, what is -210 - -237?
27
In base 11, what is 2 - -14343?
14345
In base 10, what is 389 + 91?
480
In base 14, what is 6945 + 5?
694a
In base 8, what is -160464 + -3?
-160467
In base 16, what is -8f8 + 9?
-8ef
In base 2, what is -10001110 - -1010110?
-111000
In base 2, what is -1000010000011111 - -1?
-1000010000011110
In base 11, what is -2399 + -a?
-23a8
In base 6, what is -2 - 555552?
-555554
In base 12, what is 20 + a1a5?
a205
In base 16, what is -26c2 + e?
-26b4
In base 9, what is 43113 - -131?
43244
In base 2, what is 101 + 10111111011000110?
10111111011001011
In base 15, what is -34d2b8 + 0?
-34d2b8
In base 15, what is 0 + d79e4?
d79e4
In base 10, what is 24942 - -5?
24947
In base 9, what is -4508 - 173?
-4682
In base 14, what is -c028 - 4?
-c02c
In base 8, what is -1236200 - 1?
-1236201
In base 12, what is 4 - 94076?
-94072
In base 11, what is 411 + 318?
729
In base 13, what is -5 + -23a86?
-23a8b
In base 6, what is -3014200 + 12?
-3014144
In base 16, what is -27f61 - 15?
-27f76
In base 16, what is -de69 - -d?
-de5c
In base 15, what is 9 - -323ee?
32408
In base 13, what is -6b68 - 144?
-6cac
In base 4, what is -3 - 131220201?
-131220210
In base 3, what is -22 - 1220120?
-1220212
In base 3, what is 10022122 - 11?
10022111
In base 14, what is 1026 + 1?
1027
In base 4, what is -1120023333 + 3?
-1120023330
In base 3, what is -11 + -210002220102?
-210002220120
In base 4, what is -2 - -2003020200?
2003020132
In base 16, what is 1a - 1607c?
-16062
In base 12, what is 2767 - 34?
2733
In base 9, what is -611 - -15?
-585
In base 12, what is 7 + -59646?
-5963b
In base 9, what is 206 + -344?
-137
In base 15, what is -8 - -a16?
a0d
In base 4, what is -11 + -1012?
-1023
In base 10, what is -5 - 80881?
-80886
In base 9, what is -4 + 183702?
183687
In base 6, what is -2010131 + -101?
-2010232
In base 14, what is 3d - -141d?
145c
In base 15, what is -1547 - -49?
-14ed
In base 13, what is 17bc + 5b?
184a
In base 4, what is 1022 - 1333?
-311
In base 7, what is -3416 + -1254?
-5003
In base 11, what is -5 + 1793a0?
179396
In base 14, what is -3 - 604a?
-604d
In base 9, what is -23075 - -11?
-23064
In base 12, what is -5 + 1594?
158b
In base 2, what is 110011111 + -11000010?
11011101
In base 14, what is 563 - 1097?
-934
In base 15, what is 61 + -29b?
-23a
In base 4, what is -23103203 + -3?
-23103212
In base 11, what is -1755a1 + -6?
-1755a7
In base 7, what is -26 + 346300?
346241
In base 14, what is -4220 + 0?
-4220
In base 3, what is 10220120222 - -2?
10220121001
In base 2, what is 1001101 - -11010100111?
11011110100
In base 9, what is 3 - -1843505?
1843508
In base 9, what is 2280 + 1304?
3584
In base 11, what is 1 + 140780?
140781
In base 5, what is -34412414 - 3?
-34412422
In base 4, what is -331002123 + 13?
-331002110
In base 7, what is 45 - 1442?
-1364
In base 8, what is 51346 + 1?
51347
In base 12, what is -17 - -b?
-8
In base 16, what is -5 + 1c4e?
1c49
In base 12, what is 64 - -94a?
9b2
In base 15, what is -2c - -134a3?
13476
In base 10, what is 1 + -1105669?
-1105668
In base 5, what is 144 - 434431?
-434232
In base 13, what is 2 - 8b21?
-8b1c
In base 3, what is -11212121 + 2021?
-11210100
In base 7, what is 2215 - 114?
2101
In base 15, what is ae - -cb?
18a
In base 7, what is -21 - 12530?
-12551
In base 11, what is 1119a - a5?
110a5
In base 13, what is -16767 - 20?
-16787
In base 13, what is 8a4a - 3?
8a47
In base 14, what is -a2d15 + 2?
-a2d13
In base 6, what is -10253 - 520?
-11213
In base 8, what is 37775 - 13?
37762
In base 14, what is -34 - -58c9?
5895
In base 12, what is 1923a9 - -2?
1923ab
In base 4, what is -3201 - -200231?
131030
In base 9, what is 47 + 11445?
11503
In base 16, what is -1 - 9974?
-9975
In base 15, what is -26da2 - -5?
-26d9c
In base 16, what is -1a - 1cc2?
-1cdc
In base 14, what is 9 - -41d7c?
41d87
In base 10, what is 198388 + 0?
198388
In base 16, what is 1951 + -4?
194d
In base 13, what is 2017 + -188?
1b5c
In base 6, what is 12 + -154451?
-154435
In base 9, what is -124725 + 3?
-124722
In base 4, what is -11 - 1221112?
-1221123
In base 11, what is 5719a - -2?
571a1
In base 16, what is 1c - -623?
63f
In base 7, what is -12 + -16316?
-16331
In base 12, what is -5 - 416?
-41b
In base 11, what is -718 + 96?
-632
In base 10, what is -133212 - 2?
-133214
In base 16, what is 1 + 1b4a62?
1b4a63
In base 4, what is -333 - 322011?
-323010
In base 10, what is -21 - -5285?
5264
In base 5, what is -122102410 + 10?
-122102400
In base 2, what is 1000010010001 + -10111110?
111111010011
In base 16, what is -5 - fa2?
-fa7
In base 13, what is -4 + 20562?
2055b
In base 5, what is 10 + 134110?
134120
In base 12, what is -53 + -6836?
-6889
In base 3, what is -211211121 - -2112?
-211202002
In base 8, what is 1 + -6532?
-6531
In base 14, what is 4b87 - 0?
4b87
In base 13, what is -2 - 120b1?
-120b3
In base 9, what is 207 + 483?
701
In base 6, what is 1040501 + -3?
1040454
In base 10, what is 7 + -26092?
-26085
In base 7, what is 1624 + 12?
1636
In base 16, what is -1e2b - 0?
-1e2b
In base 8, what is -5446 + 432?
-5014
In base 2, what is 1101001000100 - 0?
1101001000100
In base 3, what is 10000010 + -121?
2222112
In base 2, what is 111101111100000 - 1101?
111101111010011
In base 1